ctors of s.
5, 17
Let g(k) = -126*k - 2. Let t be g(-1). Suppose z = 3*z - t. What are the prime factors of z?
2, 31
Let r(c) = 126*c + 658. List the prime factors of r(-5).
2, 7
Suppose 5*q + 8 = 4*v + 60, -3*q + v = -27. Let f(h) = 64*h - 8. Let o(r) = -21*r + 3. Let t(a) = q*o(a) + 3*f(a). List the prime factors of t(2).
2, 3
Let t = -530 + 258. List the prime factors of (-3)/2*t/3.
2, 17
Let b = -15 - -15. Suppose -2*k + 7 + 43 = b. Let j = 0 + k. List the prime factors of j.
5
Let b(j) = -j**2 - j + 1. Let u(l) = -7*l**2 - 5*l - 10. Let t(c) = -2*b(c) - u(c). List the prime factors of t(-5).
2, 3, 11
Let r = 4258 + -2307. What are the prime factors of r?
1951
Let o(w) = 41*w - 274. What are the prime factors of o(41)?
3, 7, 67
Let k(t) = 23*t**2 + 19*t + 47. List the prime factors of k(-10).
3, 719
Let t(x) = 2*x - 8. Let q be t(4). Suppose q = 4*p - 23 - 105. What are the prime factors of p?
2
Suppose 1497 = 3*k + 3*j, k - 325 = 4*j + 199. What are the prime factors of k?
2, 3, 7
Let a be (-5 - (-9 + 5)) + -1. List the prime factors of a/(10/179)*-5.
179
Suppose -d + 75 = -26. What are the prime factors of (d - (-1 + -1)) + 3?
2, 53
Let l = -27 + 34. Let p = l - 4. Suppose p*w - 9 = 0, 10*w - 5*w = 2*h - 31. What are the prime factors of h?
23
Let f = -13 + 9. Let s = f + -4. What are the prime factors of s + 7 + (45 - 2)?
2, 3, 7
Let o(g) = g - 6*g**2 + 4*g**2 + 2*g**3 - 2*g. Let m = -18 + 21. What are the prime factors of o(m)?
3, 11
Suppose 0 = -2*r + 5*g + 7, -2*r - 4 = -3*r + 2*g. What are the prime factors of (-92)/(-5) + 8/(-120)*r?
2, 3
Let c(r) = -r**2 + r + 17. Suppose -z = 3*z. Let d be c(z). Suppose s = 5 + d. List the prime factors of s.
2, 11
Let a(w) be the second derivative of -w**5/20 - w**4/12 + w**3/6 + 4*w**2 + 2*w - 1. Let y be 0/(0/(-2) + -1). List the prime factors of a(y).
2
What are the prime factors of ((-64)/(-6) + 0)/(14/231)?
2, 11
Suppose -v = 46*v - 23265. List the prime factors of v.
3, 5, 11
List the prime factors of (-344)/3*(-270)/120.
2, 3, 43
Suppose -9*k + 3534 - 456 = 0. What are the prime factors of k?
2, 3, 19
Let k(h) = h**2 + 9*h - 16. Let m be k(-11). Suppose -m = -t - 3. Let c = 4 + t. What are the prime factors of c?
7
Let i(d) = -d**2 + 11*d + 4. Let y be i(11). Let u be (-6)/(-24) + (-117)/y. List the prime factors of 3 + -4 - (-1 + u).
29
Suppose 3*o + 9 = -0. Let b be ((-462)/9)/(o/9). Suppose -6*r - 4*y + b = -3*r, 5*y = -r + 44. What are the prime factors of r?
2, 3
Let s(q) = -q**3 + 44*q**2 - 93*q + 90. What are the prime factors of s(41)?
2, 3, 5, 11
Let f(p) = -8*p + 6 + 5*p - p - 8*p. What are the prime factors of f(-3)?
2, 3, 7
Let v = -61 - -62. List the prime factors of 1 - ((35*-3)/v - 3).
109
Let j(l) = -1. Let i(d) = -d**3 + 19*d**2 + 9*d. Let h(p) = i(p) - 6*j(p). List the prime factors of h(19).
3, 59
Suppose 0*h = 2*u - 2*h - 152, -5*u - 5*h + 420 = 0. Let i = u + 30. What are the prime factors of i?
2, 5, 11
Suppose -9*k + 33*k - 33648 = 0. List the prime factors of k.
2, 701
Let j(a) = -a**2 + 2*a + 2. Let o be j(-3). Let c = o - -13. Let y(g) = g**2 + 4. List the prime factors of y(c).
2
Let h = 1287 - 357. Suppose 0 = 5*n + 5*r - h, -6*r + 554 = 3*n - 4*r. What are the prime factors of n?
2, 7, 13
Suppose -5*l + 5*i = -680, 3*l - 7*l + i + 544 = 0. What are the prime factors of (-3)/3 + l + 0?
3, 5
Suppose 4*b + 2*l = 76, -2*b + l + 34 - 4 = 0. Let z = b + -12. Suppose -6*f + 104 = -2*f + 3*j, z*f - 4*j = 161. List the prime factors of f.
29
Let t be (64*-1)/(4/6). What are the prime factors of (5 + t/9)/((-1)/15)?
5, 17
Suppose 1 = -h + 9. Suppose h + 37 = -5*q. Let u = 27 - q. What are the prime factors of u?
2, 3
Let d be 3*-11 - 6/9*-6. Let v = d + 49. List the prime factors of v.
2, 5
Suppose -7*i + 3*a = -2*i - 12, -5 = -5*a. Suppose -3*k + 6 = -3*q, -8 = i*q + 4. What are the prime factors of 1*k - (-40)/2?
2, 3
Suppose o - 2*g = -5*g + 1041, -5*o = 3*g - 5229. List the prime factors of o.
3, 349
Let y = 6408 + -3691. What are the prime factors of y?
11, 13, 19
Suppose 8*z = 221 + 507. Suppose 6 + 38 = g. Let u = z - g. List the prime factors of u.
47
Let b(k) = -5*k. Let n be b(-1). Suppose -r = -n*r. Suppose -2*s - 3*p = -r*s - 41, s - p - 8 = 0. List the prime factors of s.
13
Let b(k) = 37*k + 15. Let g(h) = -1. Let y(i) = -2*b(i) - 6*g(i). List the prime factors of y(-4).
2, 17
Let r(n) = 3*n**2 + 6*n - 9. Let u be r(-7). Let j = 159 - u. List the prime factors of j.
3, 7
Suppose 2*o = -4*f + 2, 5*o - 5*f + 32 + 23 = 0. Let c be (-12)/(-21) - (-2 + (-212)/(-28)). Let k = c - o. List the prime factors of k.
2
Let l(q) = -q + 5. Let z be l(5). Let n be 6*((-1)/(-3) - z). Let h(r) = 22*r**2 - 6*r + 4. List the prime factors of h(n).
2, 5
Let n = 1409 - -34. List the prime factors of n.
3, 13, 37
Let d be -1*2 + (-9)/((-36)/256). Let x = d + -53. What are the prime factors of x?
3
Let a be -3 + (6/(-3))/(-1) + -13. Let r = 12 - -21. Let v = r + a. List the prime factors of v.
19
Let g = -9 + 14. Let c = -8 + g. Let r(i) = -3*i - 2. What are the prime factors of r(c)?
7
Let k(g) be the first derivative of -11*g**2/2 - 7*g + 4. Let l be k(-5). Suppose -5*z + 3*z + l = 0. What are the prime factors of z?
2, 3
Let k(t) = -t**3 + 8*t**2 + 10. Let c be k(8). Suppose q - c = 48. List the prime factors of q.
2, 29
Let y = -14 - -17. Suppose -2*b + 4*t = -92, -62 = -5*b - y*t + 129. Suppose -6*f + 11*f = b. List the prime factors of f.
2
Let m(v) = 3*v - 6. Let w be m(8). Suppose -5*o = -6*o - w. Let t = o - -29. List the prime factors of t.
11
Let y = 38 - 13. Let r be -2*(1/(-2))/(-1). Let o = r + y. What are the prime factors of o?
2, 3
Let w = 2 - 4. List the prime factors of 1211/28 - w/(-8).
43
Let q(p) = 14*p - 12. Let g be q(14). Let y = -131 + g. Suppose a - 2*a + 2*m = -y, 3*m = a - 49. What are the prime factors of a?
61
Suppose 2*q - 4*q = 5*s + 28, -3*s = -5*q - 8. Let f be 3/(-12) + 49/4. List the prime factors of f + (-1 - -1) + s.
2
Let o = -1260 + 1767. List the prime factors of o.
3, 13
Let y(o) = o**3 + 5*o**2 - 2*o - 4. Let i be y(-5). Let d(m) = -m**2 + 12*m - 15. Let k be d(10). Suppose -i = -k*q + 4*q. What are the prime factors of q?
2, 3
Suppose 16 = 3*v + 3*u + u, 4*v - 5*u - 11 = 0. Suppose -4*b + 284 = 2*a, 3*b = -3*a + v*a + 218. List the prime factors of b.
2, 3
Let g = 25 - 1. Let h = g - 31. Let s(b) = b**2 + 4*b + 2. What are the prime factors of s(h)?
23
Let k = -999 + 1960. What are the prime factors of k?
31
Suppose 2*r - 162 = 4*r. Let m = 5 - r. What are the prime factors of m?
2, 43
Let o = -10951 - -15762. What are the prime factors of o?
17, 283
Let b be ((-88)/6)/(30/(-45)). Suppose 0 = -f + b + 36. List the prime factors of f.
2, 29
Suppose -8 = -4*f, -3*o - 3*f = 6 + 45. Let z = 4 - o. List the prime factors of z.
23
Let h(p) = -p**2 - 4*p + 2. Let w be h(-4). Let a(j) = -13 - 15*j - 6 + j**3 + 4 + 9*j**w + 3*j. What are the prime factors of a(-10)?
5
Let h(y) = -3*y - 2. Let p be h(-4). What are the prime factors of 126*9/p - (-2)/(-5)?
113
Suppose -3 = -3*p + 9. Suppose 2*j + p*b = -20, 26 = -j - 4*b + 8. List the prime factors of j/(-3) + 134/6.
23
Let a(m) = -m**2 - 46*m - 167. What are the prime factors of a(-41)?
2, 19
Suppose 69*k - 72*k - 3*m + 4386 = 0, 5*k - m = 7316. What are the prime factors of k?
7, 11, 19
Let b = -5083 + 7289. List the prime factors of b.
2, 1103
List the prime factors of -5 - 899/(0 - 5/25).
2, 5, 449
Let b(a) be the first derivative of -a**3/3 - 9*a**2 + 32*a - 12. What are the prime factors of b(-14)?
2, 11
Let o(p) = 9*p**3 - p**2 + 4. Suppose -9*k + 17 = -1. What are the prime factors of o(k)?
2, 3
Suppose -14 = -33*d + 40*d. List the prime factors of ((55/10)/(-11))/(d/764).
191
Suppose 1761 = 5*k - 2*k. Suppose 4*w - j = 2*j + k, 0 = -4*w + 4*j + 588. List the prime factors of w.
2, 73
Let p = 19 + -11. Suppose p*u = 5*u + 21. What are the prime factors of u?
7
Let k = 35 + -32. Let a(h) = h**3 - 4*h**2 + 3*h + 1. Let m be a(k). List the prime factors of m/(((-4)/(-220))/1).
5, 11
Let j = 212 - 98. Suppose -j = -5*a - 14. List the prime factors of 150/a + 1/(-2).
7
Let k(f) = -12*f**3 - 2*f**2 - 2*f - 3. List the prime factors of k(-2).
89
Suppose 41*b - 1092 = 38*b. What are the pri